{"id":6,"date":"2026-04-19T15:12:53","date_gmt":"2026-04-19T15:12:53","guid":{"rendered":"https:\/\/mairameira.site\/?page_id=6"},"modified":"2026-04-19T15:18:48","modified_gmt":"2026-04-19T15:18:48","slug":"elementor-6","status":"publish","type":"page","link":"https:\/\/mairameira.site\/","title":{"rendered":"Afiliada Digital"},"content":{"rendered":"\t\t<div data-elementor-type=\"wp-post\" data-elementor-id=\"6\" class=\"elementor elementor-6\">\n\t\t\t\t<div class=\"elementor-element elementor-element-97a9c23 e-flex e-con-boxed e-con e-parent\" data-id=\"97a9c23\" data-element_type=\"container\" data-e-type=\"container\">\n\t\t\t\t\t<div class=\"e-con-inner\">\n\t\t\t\t<div class=\"elementor-element elementor-element-32e4a34 elementor-widget elementor-widget-html\" data-id=\"32e4a34\" data-element_type=\"widget\" data-e-type=\"widget\" data-widget_type=\"html.default\">\n\t\t\t\t\t<!DOCTYPE html>\r\n<html lang=\"pt-br\">\r\n<head>\r\n    <meta charset=\"UTF-8\">\r\n    <meta name=\"viewport\" content=\"width=device-width, initial-scale=1.0\">\r\n    <title>Ma\u00edra Meira | Especialista em Tr\u00e1fego Pago<\/title>\r\n    <link href=\"https:\/\/fonts.googleapis.com\/css2?family=Inter:wght@400;700;800&display=swap\" rel=\"stylesheet\">\r\n    <style>\r\n        :root {\r\n            --primary: #0f172a; \/* Azul Profissional *\/\r\n            --accent: #fbbf24;  \/* Dourado\/Amarelo de Destaque *\/\r\n            --text: #f8fafc;\r\n            --gray: #94a3b8;\r\n        }\r\n\r\n        body {\r\n            font-family: 'Inter', sans-serif;\r\n            background-color: var(--primary);\r\n            color: var(--text);\r\n            margin: 0;\r\n            padding: 0;\r\n            line-height: 1.6;\r\n        }\r\n\r\n        .container {\r\n            max-width: 1100px;\r\n            margin: 0 auto;\r\n            padding: 40px 20px;\r\n        }\r\n\r\n        \/* Hero Section *\/\r\n        header {\r\n            text-align: center;\r\n            padding: 100px 20px;\r\n            background: radial-gradient(circle at top, #1e293b 0%, #0f172a 100%);\r\n        }\r\n\r\n        h1 {\r\n            font-size: 3.5rem;\r\n            font-weight: 800;\r\n            margin-bottom: 10px;\r\n            letter-spacing: -1px;\r\n        }\r\n\r\n        h1 span {\r\n            color: var(--accent);\r\n        }\r\n\r\n        .subtitle {\r\n            font-size: 1.25rem;\r\n            color: var(--gray);\r\n            max-width: 700px;\r\n            margin: 0 auto;\r\n        }\r\n\r\n        \/* Stats Bar *\/\r\n        .stats {\r\n            display: flex;\r\n            justify-content: space-around;\r\n            flex-wrap: wrap;\r\n            margin-top: 50px;\r\n            gap: 20px;\r\n        }\r\n\r\n        .stat-item {\r\n            background: rgba(255, 255, 255, 0.05);\r\n            padding: 20px 40px;\r\n            border-radius: 12px;\r\n            border: 1px solid rgba(255, 255, 255, 0.1);\r\n        }\r\n\r\n        .stat-item strong {\r\n            display: block;\r\n            font-size: 2rem;\r\n            color: var(--accent);\r\n        }\r\n\r\n        \/* Content Sections *\/\r\n        .section-title {\r\n            text-align: center;\r\n            margin-top: 80px;\r\n            font-size: 2rem;\r\n        }\r\n\r\n        .grid {\r\n            display: grid;\r\n            grid-template-columns: repeat(auto-fit, minmax(300px, 1fr));\r\n            gap: 30px;\r\n            margin-top: 40px;\r\n        }\r\n\r\n        .card {\r\n            background: #1e293b;\r\n            padding: 30px;\r\n            border-radius: 16px;\r\n            transition: transform 0.3s ease;\r\n        }\r\n\r\n        .card:hover {\r\n            transform: translateY(-5px);\r\n        }\r\n\r\n        .card h3 {\r\n            color: var(--accent);\r\n            margin-top: 0;\r\n        }\r\n\r\n        \/* CTA *\/\r\n        .cta-section {\r\n            background: var(--accent);\r\n            color: var(--primary);\r\n            text-align: center;\r\n            padding: 60px 20px;\r\n            margin-top: 80px;\r\n            border-radius: 20px;\r\n        }\r\n\r\n        .cta-section h2 {\r\n            font-weight: 800;\r\n            margin-bottom: 20px;\r\n        }\r\n\r\n        .btn-contact {\r\n            display: inline-block;\r\n            background: var(--primary);\r\n            color: white;\r\n            padding: 15px 40px;\r\n            border-radius: 50px;\r\n            text-decoration: none;\r\n            font-weight: bold;\r\n            font-size: 1.1rem;\r\n            transition: opacity 0.3s;\r\n        }\r\n\r\n        .btn-contact:hover {\r\n            opacity: 0.9;\r\n        }\r\n\r\n        footer {\r\n            text-align: center;\r\n            padding: 40px;\r\n            color: var(--gray);\r\n            font-size: 0.9rem;\r\n        }\r\n\r\n        @media (max-width: 768px) {\r\n            h1 { font-size: 2.5rem; }\r\n        }\r\n    <\/style>\r\n<\/head>\r\n<body>\r\n\r\n    <header>\r\n        <div class=\"container\">\r\n            <h1>Ma\u00edra <span>Meira<\/span><\/h1>\r\n            <p class=\"subtitle\">Afiliada Profissional e Especialista em Tr\u00e1fego Pago com atua\u00e7\u00e3o no mercado Brasileiro e Internacional.<\/p>\r\n            \r\n            <div class=\"stats\">\r\n                <div class=\"stat-item\">\r\n                    <strong>4 Anos<\/strong>\r\n                    <span>de Experi\u00eancia<\/span>\r\n                <\/div>\r\n                <div class=\"stat-item\">\r\n                    <strong>Global<\/strong>\r\n                    <span>Brasil & Gringa<\/span>\r\n                <\/div>\r\n                <div class=\"stat-item\">\r\n                    <strong>ROI<\/strong>\r\n                    <span>Foco em Convers\u00e3o<\/span>\r\n                <\/div>\r\n            <\/div>\r\n        <\/div>\r\n    <\/header>\r\n\r\n    <div class=\"container\">\r\n        <h2 class=\"section-title\">O que eu entrego<\/h2>\r\n        <div class=\"grid\">\r\n            <div class=\"card\">\r\n                <h3>Tr\u00e1fego Pago<\/h3>\r\n                <p>Gest\u00e3o estrat\u00e9gica em Google Ads e Meta Ads, focada em escala e otimiza\u00e7\u00e3o de campanhas de alta performance.<\/p>\r\n            <\/div>\r\n            <div class=\"card\">\r\n                <h3>Mercado Internacional<\/h3>\r\n                <p>Expertise em lan\u00e7amentos e produtos \"gringos\", dominando as din\u00e2micas de convers\u00e3o em d\u00f3lar e euro.<\/p>\r\n            <\/div>\r\n            <div class=\"card\">\r\n                <h3>Estrat\u00e9gia Digital<\/h3>\r\n                <p>Consultoria t\u00e9cnica para escolha de produtos, an\u00e1lise de funil e copywriting focado em tr\u00e1fego direto.<\/p>\r\n            <\/div>\r\n        <\/div>\r\n\r\n        <div class=\"cta-section\">\r\n            <h2>Pronta para escalar seus resultados?<\/h2>\r\n            <p>Entre em contato para parcerias e gest\u00e3o de tr\u00e1fego.<\/p>\r\n            <a href=\"mailto:maira_meira@hotmail.com\" class=\"btn-contact\">Enviar E-mail agora<\/a>\r\n        <\/div>\r\n    <\/div>\r\n\r\n    <footer>\r\n        &copy; 2026 Ma\u00edra Meira - Todos os direitos reservados.\r\n    <\/footer>\r\n\r\n<\/body>\r\n<\/html>\t\t\t\t<\/div>\n\t\t\t\t\t<\/div>\n\t\t\t\t<\/div>\n\t\t\t\t<\/div>\n\t\t","protected":false},"excerpt":{"rendered":"<p>Ma\u00edra Meira | Especialista em Tr\u00e1fego Pago Ma\u00edra Meira Afiliada Profissional e Especialista em Tr\u00e1fego Pago com atua\u00e7\u00e3o no mercado Brasileiro e Internacional. 4 Anos de Experi\u00eancia Global Brasil &#038; Gringa ROI Foco em Convers\u00e3o O que eu entrego Tr\u00e1fego Pago Gest\u00e3o estrat\u00e9gica em Google Ads e Meta Ads, focada em escala e otimiza\u00e7\u00e3o de [&hellip;]<\/p>\n","protected":false},"author":1,"featured_media":0,"parent":0,"menu_order":0,"comment_status":"closed","ping_status":"closed","template":"elementor_canvas","meta":{"footnotes":""},"class_list":["post-6","page","type-page","status-publish","hentry"],"_links":{"self":[{"href":"https:\/\/mairameira.site\/index.php?rest_route=\/wp\/v2\/pages\/6","targetHints":{"allow":["GET"]}}],"collection":[{"href":"https:\/\/mairameira.site\/index.php?rest_route=\/wp\/v2\/pages"}],"about":[{"href":"https:\/\/mairameira.site\/index.php?rest_route=\/wp\/v2\/types\/page"}],"author":[{"embeddable":true,"href":"https:\/\/mairameira.site\/index.php?rest_route=\/wp\/v2\/users\/1"}],"replies":[{"embeddable":true,"href":"https:\/\/mairameira.site\/index.php?rest_route=%2Fwp%2Fv2%2Fcomments&post=6"}],"version-history":[{"count":9,"href":"https:\/\/mairameira.site\/index.php?rest_route=\/wp\/v2\/pages\/6\/revisions"}],"predecessor-version":[{"id":22,"href":"https:\/\/mairameira.site\/index.php?rest_route=\/wp\/v2\/pages\/6\/revisions\/22"}],"wp:attachment":[{"href":"https:\/\/mairameira.site\/index.php?rest_route=%2Fwp%2Fv2%2Fmedia&parent=6"}],"curies":[{"name":"wp","href":"https:\/\/api.w.org\/{rel}","templated":true}]}}